[INFO] fetching crate ajour-widgets 1.0.1...
[INFO] checking ajour-widgets-1.0.1 against master#e6e4f7ed1589e03bc2f6c5931c1a72e7947e8682 for beta-170-4
[INFO] extracting crate ajour-widgets 1.0.1 into /workspace/builds/worker-6-tc2/source
[INFO] validating manifest of crates.io crate ajour-widgets 1.0.1 on toolchain e6e4f7ed1589e03bc2f6c5931c1a72e7947e8682
[INFO] running `Command { std: CARGO_HOME="/workspace/cargo-home" RUSTUP_HOME="/workspace/rustup-home" "/workspace/cargo-home/bin/cargo" "+e6e4f7ed1589e03bc2f6c5931c1a72e7947e8682" "metadata" "--manifest-path" "Cargo.toml" "--no-deps", kill_on_drop: false }`
[INFO] started tweaking crates.io crate ajour-widgets 1.0.1
[INFO] finished tweaking crates.io crate ajour-widgets 1.0.1
[INFO] tweaked toml for crates.io crate ajour-widgets 1.0.1 written to /workspace/builds/worker-6-tc2/source/Cargo.toml
[INFO] running `Command { std: CARGO_HOME="/workspace/cargo-home" RUSTUP_HOME="/workspace/rustup-home" __CARGO_TEST_CHANNEL_OVERRIDE_DO_NOT_USE_THIS="nightly" "/workspace/cargo-home/bin/cargo" "+e6e4f7ed1589e03bc2f6c5931c1a72e7947e8682" "generate-lockfile" "--manifest-path" "Cargo.toml" "-Zno-index-update", kill_on_drop: false }`
[INFO] running `Command { std: CARGO_HOME="/workspace/cargo-home" RUSTUP_HOME="/workspace/rustup-home" "/workspace/cargo-home/bin/cargo" "+e6e4f7ed1589e03bc2f6c5931c1a72e7947e8682" "fetch" "--manifest-path" "Cargo.toml", kill_on_drop: false }`
[INFO] running `Command { std: "docker" "create" "-v" "/var/lib/crater-agent-workspace/builds/worker-6-tc2/target:/opt/rustwide/target:rw,Z" "-v" "/var/lib/crater-agent-workspace/builds/worker-6-tc2/source:/opt/rustwide/workdir:ro,Z" "-v" "/var/lib/crater-agent-workspace/cargo-home:/opt/rustwide/cargo-home:ro,Z" "-v" "/var/lib/crater-agent-workspace/rustup-home:/opt/rustwide/rustup-home:ro,Z" "-e" "SOURCE_DIR=/opt/rustwide/workdir" "-e" "CARGO_TARGET_DIR=/opt/rustwide/target" "-e" "CARGO_HOME=/opt/rustwide/cargo-home" "-e" "RUSTUP_HOME=/opt/rustwide/rustup-home" "-w" "/opt/rustwide/workdir" "-m" "1610612736" "--user" "0:0" "--network" "none" "ghcr.io/rust-lang/crates-build-env/linux@sha256:19e73879b68f455e41552ea35293514db52ea292d993f571636dbffedb77a1ee" "/opt/rustwide/cargo-home/bin/cargo" "+e6e4f7ed1589e03bc2f6c5931c1a72e7947e8682" "metadata" "--no-deps" "--format-version=1", kill_on_drop: false }`
[INFO] [stdout] 3d4321049e3ac157b23ed61884a951c824916b4061fb6cc0db7cad10690a64d7
[INFO] running `Command { std: "docker" "start" "-a" "3d4321049e3ac157b23ed61884a951c824916b4061fb6cc0db7cad10690a64d7", kill_on_drop: false }`
[INFO] running `Command { std: "docker" "inspect" "3d4321049e3ac157b23ed61884a951c824916b4061fb6cc0db7cad10690a64d7", kill_on_drop: false }`
[INFO] running `Command { std: "docker" "rm" "-f" "3d4321049e3ac157b23ed61884a951c824916b4061fb6cc0db7cad10690a64d7", kill_on_drop: false }`
[INFO] [stdout] 3d4321049e3ac157b23ed61884a951c824916b4061fb6cc0db7cad10690a64d7
[INFO] running `Command { std: "docker" "create" "-v" "/var/lib/crater-agent-workspace/builds/worker-6-tc2/target:/opt/rustwide/target:rw,Z" "-v" "/var/lib/crater-agent-workspace/builds/worker-6-tc2/source:/opt/rustwide/workdir:ro,Z" "-v" "/var/lib/crater-agent-workspace/cargo-home:/opt/rustwide/cargo-home:ro,Z" "-v" "/var/lib/crater-agent-workspace/rustup-home:/opt/rustwide/rustup-home:ro,Z" "-e" "SOURCE_DIR=/opt/rustwide/workdir" "-e" "CARGO_TARGET_DIR=/opt/rustwide/target" "-e" "CARGO_INCREMENTAL=0" "-e" "RUST_BACKTRACE=full" "-e" "RUSTFLAGS=--cap-lints=forbid" "-e" "RUSTDOCFLAGS=--cap-lints=forbid" "-e" "CARGO_HOME=/opt/rustwide/cargo-home" "-e" "RUSTUP_HOME=/opt/rustwide/rustup-home" "-w" "/opt/rustwide/workdir" "-m" "1610612736" "--user" "0:0" "--network" "none" "ghcr.io/rust-lang/crates-build-env/linux@sha256:19e73879b68f455e41552ea35293514db52ea292d993f571636dbffedb77a1ee" "/opt/rustwide/cargo-home/bin/cargo" "+e6e4f7ed1589e03bc2f6c5931c1a72e7947e8682" "check" "--frozen" "--all" "--all-targets" "--message-format=json", kill_on_drop: false }`
[INFO] [stdout] a96ee20df4bb5426ac21047412631115a2affa896cb05fe3a3d4fface0f20e79
[INFO] running `Command { std: "docker" "start" "-a" "a96ee20df4bb5426ac21047412631115a2affa896cb05fe3a3d4fface0f20e79", kill_on_drop: false }`
[INFO] [stderr]    Compiling proc-macro2 v1.0.59
[INFO] [stderr]    Compiling libc v0.2.144
[INFO] [stderr]    Compiling unicode-ident v1.0.9
[INFO] [stderr]    Compiling quote v1.0.28
[INFO] [stderr]    Compiling autocfg v1.1.0
[INFO] [stderr]    Compiling futures-core v0.3.28
[INFO] [stderr]    Compiling futures-channel v0.3.28
[INFO] [stderr]    Compiling futures-task v0.3.28
[INFO] [stderr]    Compiling memchr v2.5.0
[INFO] [stderr]     Checking futures-sink v0.3.28
[INFO] [stderr]    Compiling futures-util v0.3.28
[INFO] [stderr]     Checking cfg-if v1.0.0
[INFO] [stderr]     Checking pin-project-lite v0.2.9
[INFO] [stderr]     Checking pin-utils v0.1.0
[INFO] [stderr]     Checking futures-io v0.3.28
[INFO] [stderr]    Compiling log v0.4.18
[INFO] [stderr]     Checking ppv-lite86 v0.2.17
[INFO] [stderr]    Compiling version_check v0.9.4
[INFO] [stderr]     Checking static_assertions v1.1.0
[INFO] [stderr]     Checking cty v0.2.2
[INFO] [stderr]    Compiling thiserror v1.0.40
[INFO] [stderr]     Checking iced_core v0.3.0
[INFO] [stderr]     Checking raw-window-handle v0.4.3
[INFO] [stderr]     Checking unicode-segmentation v1.10.1
[INFO] [stderr]     Checking iced_style v0.2.0
[INFO] [stderr]    Compiling glam v0.10.2
[INFO] [stderr]    Compiling slab v0.4.8
[INFO] [stderr]    Compiling num-traits v0.2.15
[INFO] [stderr]     Checking getrandom v0.2.9
[INFO] [stderr]     Checking num_cpus v1.15.0
[INFO] [stderr]     Checking raw-window-handle v0.3.4
[INFO] [stderr]    Compiling syn v2.0.18
[INFO] [stderr]     Checking rand_core v0.6.4
[INFO] [stderr]     Checking rand_chacha v0.3.1
[INFO] [stderr]     Checking rand v0.8.5
[INFO] [stderr]     Checking twox-hash v1.6.3
[INFO] [stderr]    Compiling futures-macro v0.3.28
[INFO] [stderr]    Compiling thiserror-impl v1.0.40
[INFO] [stderr]    Compiling bytemuck_derive v1.4.1
[INFO] [stderr]     Checking bytemuck v1.13.1
[INFO] [stderr]     Checking futures-executor v0.3.28
[INFO] [stderr]     Checking futures v0.3.28
[INFO] [stderr]     Checking iced_futures v0.2.0
[INFO] [stderr]     Checking iced_native v0.3.0
[INFO] [stderr]     Checking iced_graphics v0.1.0
[INFO] [stderr]     Checking ajour-widgets v1.0.1 (/opt/rustwide/workdir)
[INFO] [stdout] error[E0412]: cannot find type `Renderer` in this scope
[INFO] [stdout]   --> src/lib.rs:14:68
[INFO] [stdout]    |
[INFO] [stdout] 14 | pub type Header<'a, Message> = widget::header::Header<'a, Message, Renderer>;
[INFO] [stdout]    |                                                                    ^^^^^^^^ not found in this scope
[INFO] [stdout]    |
[INFO] [stdout] help: consider importing one of these items
[INFO] [stdout]    |
[INFO] [stdout] 11 + use crate::header::Renderer;
[INFO] [stdout]    |
[INFO] [stdout] 11 + use crate::table_row::Renderer;
[INFO] [stdout]    |
[INFO] [stdout] 11 + use iced_graphics::Renderer;
[INFO] [stdout]    |
[INFO] [stdout] 11 + use iced_native::Renderer;
[INFO] [stdout]    |
[INFO] [stdout]      and 18 other candidates
[INFO] [stdout] 
[INFO] [stdout] 
[INFO] [stdout] error[E0412]: cannot find type `Renderer` in this scope
[INFO] [stdout]   --> src/lib.rs:15:75
[INFO] [stdout]    |
[INFO] [stdout] 15 | pub type TableRow<'a, Message> = widget::table_row::TableRow<'a, Message, Renderer>;
[INFO] [stdout]    |                                                                           ^^^^^^^^ not found in this scope
[INFO] [stdout]    |
[INFO] [stdout] help: consider importing one of these items
[INFO] [stdout]    |
[INFO] [stdout] 11 + use crate::header::Renderer;
[INFO] [stdout]    |
[INFO] [stdout] 11 + use crate::table_row::Renderer;
[INFO] [stdout]    |
[INFO] [stdout] 11 + use iced_graphics::Renderer;
[INFO] [stdout]    |
[INFO] [stdout] 11 + use iced_native::Renderer;
[INFO] [stdout]    |
[INFO] [stdout]      and 18 other candidates
[INFO] [stdout] 
[INFO] [stdout] 
[INFO] [stdout] error[E0412]: cannot find type `Renderer` in this scope
[INFO] [stdout]   --> src/lib.rs:14:68
[INFO] [stdout]    |
[INFO] [stdout] 14 | pub type Header<'a, Message> = widget::header::Header<'a, Message, Renderer>;
[INFO] [stdout]    |                                                                    ^^^^^^^^ not found in this scope
[INFO] [stdout]    |
[INFO] [stdout] help: consider importing one of these items
[INFO] [stdout]    |
[INFO] [stdout] 11 + use crate::header::Renderer;
[INFO] [stdout]    |
[INFO] [stdout] 11 + use crate::table_row::Renderer;
[INFO] [stdout]    |
[INFO] [stdout] 11 + use iced_graphics::Renderer;
[INFO] [stdout]    |
[INFO] [stdout] 11 + use iced_native::Renderer;
[INFO] [stdout]    |
[INFO] [stdout]      and 18 other candidates
[INFO] [stdout] 
[INFO] [stdout] 
[INFO] [stdout] error[E0412]: cannot find type `Renderer` in this scope
[INFO] [stdout]   --> src/lib.rs:15:75
[INFO] [stdout]    |
[INFO] [stdout] 15 | pub type TableRow<'a, Message> = widget::table_row::TableRow<'a, Message, Renderer>;
[INFO] [stdout]    |                                                                           ^^^^^^^^ not found in this scope
[INFO] [stdout]    |
[INFO] [stdout] help: consider importing one of these items
[INFO] [stdout]    |
[INFO] [stdout] 11 + use crate::header::Renderer;
[INFO] [stdout]    |
[INFO] [stdout] 11 + use crate::table_row::Renderer;
[INFO] [stdout]    |
[INFO] [stdout] 11 + use iced_graphics::Renderer;
[INFO] [stdout]    |
[INFO] [stdout] 11 + use iced_native::Renderer;
[INFO] [stdout]    |
[INFO] [stdout]      and 18 other candidates
[INFO] [stdout] 
[INFO] [stdout] 
[INFO] [stdout] error: aborting due to 2 previous errors
[INFO] [stdout] 
[INFO] [stdout] 
[INFO] [stdout] For more information about this error, try `rustc --explain E0412`.
[INFO] [stdout] 
[INFO] [stdout] error: aborting due to 2 previous errors
[INFO] [stdout] 
[INFO] [stdout] 
[INFO] [stdout] For more information about this error, try `rustc --explain E0412`.
[INFO] [stdout] 
[INFO] [stderr] error: could not compile `ajour-widgets` (lib) due to 3 previous errors
[INFO] [stderr] warning: build failed, waiting for other jobs to finish...
[INFO] [stderr] error: could not compile `ajour-widgets` (lib test) due to 3 previous errors
[INFO] running `Command { std: "docker" "inspect" "a96ee20df4bb5426ac21047412631115a2affa896cb05fe3a3d4fface0f20e79", kill_on_drop: false }`
[INFO] running `Command { std: "docker" "rm" "-f" "a96ee20df4bb5426ac21047412631115a2affa896cb05fe3a3d4fface0f20e79", kill_on_drop: false }`
[INFO] [stdout] a96ee20df4bb5426ac21047412631115a2affa896cb05fe3a3d4fface0f20e79
